{"id":388,"date":"2013-12-02T05:50:20","date_gmt":"2013-12-02T05:50:20","guid":{"rendered":"http:\/\/localhost\/wp-faculty\/?page_id=2"},"modified":"2023-10-29T09:14:28","modified_gmt":"2023-10-29T07:14:28","slug":"home","status":"publish","type":"page","link":"https:\/\/www.mehmetbaslar.com\/","title":{"rendered":"Anasayfa"},"content":{"rendered":"<p>[vc_row][vc_column width=&#8221;1\/4&#8243;][vc_single_image image=&#8221;41&#8243; img_size=&#8221;full&#8221; alignment=&#8221;center&#8221; el_class=&#8221;img-responsive&#8221;][\/vc_column][vc_column width=&#8221;3\/4&#8243;]<h1 class=\"fac-big-title fac-title text-left\" style=\"color:#4b4b4b\">Biyografi<\/h1>\n[vc_column_text]1983 y\u0131l\u0131nda \u00dcsk\u00fcdar\u2019da do\u011fdu. \u0130lk ve orta \u00f6\u011frenimini Konya\u2019da tamamlad\u0131. G\u0131da M\u00fchendisli\u011fi alan\u0131nda Atat\u00fcrk \u00dcniversitesi&#8217;nden mezun oldu ve ayn\u0131 alanda Y\u00fcksek Lisans ve Doktora e\u011fitimi ald\u0131. Y\u00fcksek lisans s\u0131ras\u0131nda Almanya&#8217;da &#8220;G\u0131da G\u00fcvenli\u011fi&#8221; e\u011fitim ald\u0131; doktora \u00e7al\u0131\u015fmalar\u0131n\u0131n bir k\u0131sm\u0131n\u0131 tamamlamak i\u00e7in ABD&#8217;deki Washington State University&#8217;de bulundu.<\/p>\n<p>Akademik kariyerine 2006 y\u0131l\u0131nda Atat\u00fcrk \u00dcniversitesi G\u0131da M\u00fchendisli\u011fi B\u00f6l\u00fcm\u00fc&#8217;nde Ara\u015ft\u0131rma G\u00f6revlisi olarak ba\u015flad\u0131. 2012\u2019de Y\u0131ld\u0131z Teknik \u00dcniversitesi G\u0131da M\u00fchendisli\u011fi B\u00f6l\u00fcm\u00fcnde Yard\u0131mc\u0131 Do\u00e7ent oldu ve B\u00f6l\u00fcm Ba\u015fkan Yard\u0131mc\u0131s\u0131 olarak g\u00f6rev yapt\u0131. 2015 y\u0131l\u0131nda Do\u00e7ent, 2020 y\u0131l\u0131nda Profes\u00f6r oldu. Ayr\u0131ca 2019-2022 y\u0131llar\u0131 aras\u0131nda \u0130stanbul Arel \u00dcniversitesi Gastronomi ve Mutfak Sanatlar\u0131 B\u00f6l\u00fcm\u00fc&#8217;n\u00fcn kurucu b\u00f6l\u00fcm ba\u015fkanl\u0131\u011f\u0131 g\u00f6revini \u00fcstlendi.<\/p>\n<p>2022 y\u0131l\u0131ndan beri \u0130ngiltere ve T\u00fcrkiye&#8217;de kurdu\u011fu \u015firketlerin y\u00f6neticisidir. Evli ve iki k\u0131z babas\u0131d\u0131r.<\/p>\n<p>Prof. Dr. Mehmet Ba\u015flar, G\u0131da Muhafaza Y\u00f6ntemleri, Kurutma Teknolojisi, Haz\u0131r Yemek Teknolojisi, G\u0131da G\u00fcvenli\u011fi ve Is\u0131l Olmayan Y\u00f6ntemler alanlar\u0131nda \u00e7ok say\u0131da yay\u0131n, proje, kitap, patent vb. bilimsel \u00e7al\u0131\u015fmalar\u0131 bulunmaktad\u0131r.<\/p>\n<p>\u00d6zel sekt\u00f6rdeki g\u00f6revlerinin yan\u0131 s\u0131ra akademik faaliyetlerine halen devam profes\u00f6r, &#8220;<a href=\"https:\/\/www.gastronomyresearch.com\/\"><em>International Journal of Gastronomy Research<\/em><\/a>&#8221; dergisinin Editor-in-Chief (2021&#8217;den beri) ve &#8220;<a href=\"https:\/\/www.mdpi.com\/journal\/agriengineering\/special_issues\/L1M719S317\">AgriEngineering<\/a><i>&#8221; <\/i>dergisinde &#8220;Guest Editor for Special Issue&#8221; olarak (2023) g\u00f6rev yapmaktad\u0131r.[\/vc_column_text][\/vc_column][\/vc_row][vc_row bg_color=&#8221;#fcfcfc&#8221;][vc_column width=&#8221;1\/12&#8243;][\/vc_column][vc_column width=&#8221;5\/12&#8243;]<h3 class=\"fac-title text-center\" style=\"color:#4b4b4b\">Akademik Kariyer<\/h3>\n<ul class=\"ul-dates \">\n\t\t\t<li class=\"\">\n\t\t\t\t<div class=\"dates\"><span>...<\/span><span>2022<\/span><\/div>\n\t\t\t\t<div class=\"content\"><h4>Director<\/h4><p>iPeak Academy Ltd (\u0130ngiltere; T\u00fcrkiye)<\/p><\/div>\n\t\t\t<\/li>\n\t\t\t<li class=\"\">\n\t\t\t\t<div class=\"dates\"><span>2022<\/span><span>2020<\/span><\/div>\n\t\t\t\t<div class=\"content\"><h4>Profes\u00f6r<\/h4><p>\u0130stanbul Arel \u00dcniversitesi<\/p><\/div>\n\t\t\t<\/li>\n\t\t\t<li class=\"\">\n\t\t\t\t<div class=\"dates\"><span>2020<\/span><span>2015<\/span><\/div>\n\t\t\t\t<div class=\"content\"><h4>Do\u00e7ent<\/h4><p>Y\u0131ld\u0131z Teknik \u00dcniversitesi, \u00d6zel Sekt\u00f6r, \u0130stanbul Arel \u00dcnv.<\/p><\/div>\n\t\t\t<\/li>\n\t\t\t<li class=\"\">\n\t\t\t\t<div class=\"dates\"><span>2015<\/span><span>2012<\/span><\/div>\n\t\t\t\t<div class=\"content\"><h4>Yard\u0131mc\u0131 Do\u00e7ent<\/h4><p>Y\u0131ld\u0131z Teknik \u00dcniversitesi<\/p><\/div>\n\t\t\t<\/li>\n\t\t\t<li class=\"\">\n\t\t\t\t<div class=\"dates\"><span>2012<\/span><span>2006<\/span><\/div>\n\t\t\t\t<div class=\"content\"><h4>Ara\u015ft\u0131rma G\u00f6revlisi<\/h4><p>Atat\u00fcrk \u00dcniversitesi, Bayburt \u00dcniversitesi<\/p><\/div>\n\t\t\t<\/li><\/ul>[\/vc_column][vc_column width=&#8221;5\/12&#8243;]<h3 class=\"fac-title text-center\" style=\"color:#4b4b4b\">E\u011fitim Bilgileri<\/h3>\n<ul class=\"ul-card \">\n\t\t\t<li class=\"\"><div class=\"dy\">\n\t\t\t\t<span class=\"degree\">Ph.D.<\/span>\n\t\t\t\t<span class=\"year\">2008-2011<\/span><\/div>\n\t\t\t\t<div class=\"description\">\n\t\t\t\t<p class=\"what\">Doktora<\/p>\n\t\t\t<p class=\"where\">Atat\u00fcrk \u00dcniversitesi G\u0131da M\u00fchendisli\u011fi<\/p><\/div>\n\t\t\t<\/li>\n\t\t\t<li class=\"\"><div class=\"dy\">\n\t\t\t\t<span class=\"degree\">Visiting Research<\/span>\n\t\t\t\t<span class=\"year\">2011<\/span><\/div>\n\t\t\t\t<div class=\"description\">\n\t\t\t\t<p class=\"what\">Doktora Ara\u015ft\u0131rmas\u0131<\/p>\n\t\t\t<p class=\"where\">Washington State University, Pullman, USA<\/p><\/div>\n\t\t\t<\/li>\n\t\t\t<li class=\"\"><div class=\"dy\">\n\t\t\t\t<span class=\"degree\">MSc<\/span>\n\t\t\t\t<span class=\"year\">2005-2008<\/span><\/div>\n\t\t\t\t<div class=\"description\">\n\t\t\t\t<p class=\"what\">Y\u00fcksek Lisans<\/p>\n\t\t\t<p class=\"where\">Atat\u00fcrk \u00dcniversitesi<\/p><\/div>\n\t\t\t<\/li>\n\t\t\t<li class=\"\"><div class=\"dy\">\n\t\t\t\t<span class=\"degree\">B.A.<\/span>\n\t\t\t\t<span class=\"year\">2001-2005<\/span><\/div>\n\t\t\t\t<div class=\"description\">\n\t\t\t\t<p class=\"what\">Lisans<\/p>\n\t\t\t<p class=\"where\">Atat\u00fcrk \u00dcniversitesi, G\u0131da M\u00fchendisli\u011fi<\/p><\/div>\n\t\t\t<\/li><\/ul>[\/vc_column][vc_column width=&#8221;1\/12&#8243;][\/vc_column][\/vc_row][vc_row bg_color=&#8221;#f7f7f7&#8243;][vc_column width=&#8221;1\/12&#8243;][\/vc_column][vc_column width=&#8221;5\/6&#8243;]<h2 class=\"fac-title text-center\" style=\"color:#4b4b4b\">Ba\u015far\u0131lar &amp; \u00d6d\u00fcller<\/h2>\n<ul class=\"timeline \">\n\t\t\t<li class=\"\">\n\t\t\t\t<div class=\"date\">2011<\/div>\n\t\t\t\t<div class=\"circle\"><\/div>\n\t\t\t\t<div class=\"data\"><div class=\"subject\">Visiting Research Scholar<\/div><div class=\"text row\">\n\t\t    <div class=\"col-md-12\">\n\t\t        Washington State University, ABD\n\t\t    <\/div><\/div><\/div>\n\t\t\t<\/li>\n\t\t\t<li class=\"\">\n\t\t\t\t<div class=\"date\">2011-2016<\/div>\n\t\t\t\t<div class=\"circle\"><\/div>\n\t\t\t\t<div class=\"data\"><div class=\"subject\">T\u00dcB\u0130TAK Yay\u0131n Te\u015fvik \u00d6d\u00fclleri<\/div><div class=\"text row\">\n\t\t    <div class=\"col-md-12\">\n\t\t        \n\t\t    <\/div><\/div><\/div>\n\t\t\t<\/li>\n\t\t\t<li class=\"\">\n\t\t\t\t<div class=\"date\">2005<\/div>\n\t\t\t\t<div class=\"circle\"><\/div>\n\t\t\t\t<div class=\"data\"><div class=\"subject\">Al\u0131nteri Bilgi Yar\u0131\u015fmas\u0131 \u0130kincilik \u00d6d\u00fcl\u00fc (Atat\u00fcrk \u00dcniversitesi)<\/div><div class=\"text row\">\n\t\t    <div class=\"col-md-2\">\n\t\t        <img decoding=\"async\" alt=\"image\" class=\"thumbnail img-responsive\" src=\"https:\/\/www.mehmetbaslar.com\/wp-content\/uploads\/2013\/12\/Nobel_Prize.png\">\n\t\t    <\/div>\n\t\t    <div class=\"col-md-10\">\n\t\t        \n\t\t    <\/div><\/div><\/div>\n\t\t\t<\/li><\/ul>[\/vc_column][vc_column width=&#8221;1\/12&#8243;][\/vc_column][\/vc_row]<\/p>\n","protected":false},"excerpt":{"rendered":"<p>[vc_row][vc_column width=&#8221;1\/4&#8243;][vc_single_image image=&#8221;41&#8243; img_size=&#8221;full&#8221; alignment=&#8221;center&#8221; el_class=&#8221;img-responsive&#8221;][\/vc_column][vc_column width=&#8221;3\/4&#8243;][vc_column_text]1983 y\u0131l\u0131nda \u00dcsk\u00fcdar\u2019da do\u011fdu. \u0130lk ve orta \u00f6\u011frenimini Konya\u2019da tamamlad\u0131. G\u0131da M\u00fchendisli\u011fi alan\u0131nda Atat\u00fcrk [&hellip;]<\/p>\n","protected":false},"author":1,"featured_media":739,"parent":0,"menu_order":0,"comment_status":"open","ping_status":"closed","template":"page-pagebuilder.php","meta":{"footnotes":""},"_links":{"self":[{"href":"https:\/\/www.mehmetbaslar.com\/index.php?rest_route=\/wp\/v2\/pages\/388"}],"collection":[{"href":"https:\/\/www.mehmetbaslar.com\/index.php?rest_route=\/wp\/v2\/pages"}],"about":[{"href":"https:\/\/www.mehmetbaslar.com\/index.php?rest_route=\/wp\/v2\/types\/page"}],"author":[{"embeddable":true,"href":"https:\/\/www.mehmetbaslar.com\/index.php?rest_route=\/wp\/v2\/users\/1"}],"replies":[{"embeddable":true,"href":"https:\/\/www.mehmetbaslar.com\/index.php?rest_route=%2Fwp%2Fv2%2Fcomments&post=388"}],"version-history":[{"count":52,"href":"https:\/\/www.mehmetbaslar.com\/index.php?rest_route=\/wp\/v2\/pages\/388\/revisions"}],"predecessor-version":[{"id":820,"href":"https:\/\/www.mehmetbaslar.com\/index.php?rest_route=\/wp\/v2\/pages\/388\/revisions\/820"}],"wp:featuredmedia":[{"embeddable":true,"href":"https:\/\/www.mehmetbaslar.com\/index.php?rest_route=\/wp\/v2\/media\/739"}],"wp:attachment":[{"href":"https:\/\/www.mehmetbaslar.com\/index.php?rest_route=%2Fwp%2Fv2%2Fmedia&parent=388"}],"curies":[{"name":"wp","href":"https:\/\/api.w.org\/{rel}","templated":true}]}}