{"id":824,"date":"2024-01-10T14:50:19","date_gmt":"2024-01-10T12:50:19","guid":{"rendered":"https:\/\/www.mehmetbaslar.com\/?page_id=824"},"modified":"2024-09-10T06:14:18","modified_gmt":"2024-09-10T04:14:18","slug":"kitaplar","status":"publish","type":"page","link":"https:\/\/www.mehmetbaslar.com\/?page_id=824","title":{"rendered":"Kitaplar"},"content":{"rendered":"<p>[vc_row][vc_column][vc_column_text]Mehmet Ba\u015flar (Edit\u00f6r). 2023. Geleneksel T\u00fcrk \u0130\u00e7ecekleri. Ankara: Nobel Yay\u0131nevi.<a href=\"https:\/\/www.mehmetbaslar.com\/?publications=geleneksel-turk-icecekleri\">Geleneksel T\u00fcrk \u0130\u00e7ecekleri<\/a>[\/vc_column_text][\/vc_column][\/vc_row]<\/p>\n","protected":false},"excerpt":{"rendered":"<p>[vc_row][vc_column][vc_column_text]Mehmet Ba\u015flar (Edit\u00f6r). 2023. Geleneksel T\u00fcrk \u0130\u00e7ecekleri. Ankara: Nobel Yay\u0131nevi.Geleneksel T\u00fcrk \u0130\u00e7ecekleri[\/vc_column_text][\/vc_column][\/vc_row]<\/p>\n","protected":false},"author":1,"featured_media":0,"parent":0,"menu_order":0,"comment_status":"closed","ping_status":"closed","template":"","meta":{"footnotes":""},"_links":{"self":[{"href":"https:\/\/www.mehmetbaslar.com\/index.php?rest_route=\/wp\/v2\/pages\/824"}],"collection":[{"href":"https:\/\/www.mehmetbaslar.com\/index.php?rest_route=\/wp\/v2\/pages"}],"about":[{"href":"https:\/\/www.mehmetbaslar.com\/index.php?rest_route=\/wp\/v2\/types\/page"}],"author":[{"embeddable":true,"href":"https:\/\/www.mehmetbaslar.com\/index.php?rest_route=\/wp\/v2\/users\/1"}],"replies":[{"embeddable":true,"href":"https:\/\/www.mehmetbaslar.com\/index.php?rest_route=%2Fwp%2Fv2%2Fcomments&post=824"}],"version-history":[{"count":3,"href":"https:\/\/www.mehmetbaslar.com\/index.php?rest_route=\/wp\/v2\/pages\/824\/revisions"}],"predecessor-version":[{"id":833,"href":"https:\/\/www.mehmetbaslar.com\/index.php?rest_route=\/wp\/v2\/pages\/824\/revisions\/833"}],"wp:attachment":[{"href":"https:\/\/www.mehmetbaslar.com\/index.php?rest_route=%2Fwp%2Fv2%2Fmedia&parent=824"}],"curies":[{"name":"wp","href":"https:\/\/api.w.org\/{rel}","templated":true}]}}